 factor of 359832 and 66?
66
What is the greatest common divisor of 1200 and 866160?
240
Calculate the highest common divisor of 1173 and 14414997.
1173
Calculate the highest common divisor of 1534 and 345917.
767
What is the greatest common divisor of 4320 and 196960?
160
What is the greatest common divisor of 1112 and 622442?
278
What is the highest common divisor of 12599 and 86?
43
Calculate the greatest common divisor of 9856 and 693.
77
What is the greatest common divisor of 42 and 469707?
21
Calculate the highest common factor of 1773 and 78997.
197
Calculate the greatest common divisor of 1918140 and 420.
420
What is the greatest common factor of 436 and 88399?
109
What is the highest common factor of 32741 and 290?
29
What is the greatest common divisor of 3700 and 6274460?
740
Calculate the greatest common factor of 344460 and 40.
20
What is the highest common factor of 440 and 152?
8
Calculate the greatest common divisor of 2204 and 320.
4
What is the greatest common factor of 34060 and 910?
130
Calculate the greatest common factor of 756 and 138264.
84
Calculate the greatest common factor of 729 and 5035203.
729
What is the greatest common divisor of 324056 and 8?
8
What is the greatest common divisor of 8960 and 42?
14
What is the greatest common divisor of 32 and 415456?
32
Calculate the greatest common divisor of 3296 and 416.
32
Calculate the greatest common divisor of 120 and 82515.
15
Calculate the highest common factor of 2664 and 7807.
37
What is the greatest common divisor of 98415 and 2295?
135
Calculate the highest common factor of 2304 and 36000.
288
Calculate the highest common divisor of 1218 and 70630.
14
What is the greatest common divisor of 2810976 and 1068?
1068
What is the highest common divisor of 9525 and 4445?
635
Calculate the greatest common factor of 56 and 4095644.
28
Calculate the highest common factor of 624 and 27339.
39
What is the highest common factor of 568044 and 2232?
1116
Calculate the highest common factor of 280100 and 120.
20
What is the highest common factor of 1692441 and 27?
27
What is the greatest common divisor of 250 and 2120?
10
What is the highest common divisor of 17325 and 120?
15
Calculate the highest common factor of 25038 and 24824.
214
Calculate the highest common factor of 56446 and 52.
26
Calculate the highest common divisor of 3055 and 376.
47
Calculate the greatest common divisor of 193314 and 110.
22
Calculate the greatest common factor of 726 and 132759.
33
What is the greatest common divisor of 811 and 1955321?
811
What is the greatest common divisor of 484 and 37147?
121
Calculate the highest common factor of 14573 and 23777.
767
Calculate the greatest common divisor of 5467 and 101885.
497
What is the greatest common factor of 15 and 227895?
15
What is the highest common factor of 1240 and 3040?
40
Calculate the greatest common divisor of 861 and 16995279.
861
What is the highest common factor of 60 and 26190?
30
What is the greatest common factor of 72288 and 66766?
502
What is the highest common divisor of 3 and 53679?
3
What is the highest common divisor of 16527611 and 118?
59
What is the greatest common divisor of 108 and 39996?
36
What is the greatest common factor of 183731 and 9979?
587
What is the greatest common factor of 4077 and 2567?
151
Calculate the greatest common divisor of 531 and 2242.
59
What is the highest common factor of 51248 and 64?
16
Calculate the highest common divisor of 363 and 513887.
121
Calculate the greatest common factor of 1512 and 11646.
18
Calculate the highest common divisor of 1698 and 44714.
566
What is the greatest common factor of 9366 and 378?
42
Calculate the highest common factor of 20328 and 1212.
12
What is the greatest common factor of 420 and 465?
15
Calculate the highest common factor of 189111 and 8952.
1119
What is the greatest common factor of 447758 and 2096?
262
What is the greatest common divisor of 12705 and 1015?
35
What is the highest common divisor of 3970 and 1710?
10
Calculate the greatest common factor of 136 and 11237.
17
What is the greatest common divisor of 62226 and 18?
18
Calculate the greatest common factor of 366 and 15555.
183
Calculate the highest common factor of 86 and 407855.
43
Calculate the greatest common divisor of 122858 and 752.
94
Calculate the highest common factor of 319550 and 75.
25
Calculate the highest common divisor of 790 and 1660.
10
Calculate the greatest common divisor of 1476332 and 39.
13
Calculate the greatest common divisor of 6 and 99321.
3
What is the highest common divisor of 642 and 166599?
321
What is the greatest common factor of 11 and 197153?
11
Calculate the highest common divisor of 2064 and 903.
129
Calculate the highest common divisor of 632527 and 10777.
829
Calculate the highest common factor of 50 and 36375.
25
What is the greatest common factor of 1618468 and 68?
68
Calculate the greatest common divisor of 3972 and 21972.
12
What is the greatest common factor of 112 and 114912?
112
Calculate the greatest common factor of 24 and 71301.
3
What is the highest common divisor of 1058 and 7?
1
Calculate the greatest common divisor of 1040988 and 624.
156
What is the greatest common factor of 385 and 1897?
7
What is the highest common divisor of 832 and 2938?
26
Calculate the greatest common factor of 817 and 1911780.
817
What is the greatest common factor of 108889 and 22?
11
What is the highest common divisor of 123 and 222753?
123
Calculate the greatest common divisor of 34 and 20811842.
34
Calculate the greatest common divisor of 1233 and 76309.
137
What is the greatest common factor of 27876 and 102?
6
What is the greatest common divisor of 15120 and 8560?
80
Calculate the highest common factor of 43764 and 36.
12
What is the greatest common divisor of 143 and 204061?
143
Calculate the greatest common divisor of 50 and 1620.
10
What is the greatest common divisor of 871 and 7657?
13
What is the highest common divisor of 9 and 10311?
3
What is the greatest common divisor of 392 and 665518?
98
Calculate the greatest common divisor of 42 and 786.
6
Calculate the highest common factor of 612639 and 162.
9
What is the greatest common factor of 102618 and 1008?
18
Calculate the greatest common factor of 899505 and 18.
9
What is the greatest common factor of 4376 and 24?
8
Calculate the highest common divisor of 20 and 33310.
10
What is the greatest common factor of 13524 and 156?
12
Calculate the greatest common factor of 477 and 1188.
9
Calculate the greatest common divisor of 945 and 2403.
27
What is the highest common factor of 193 and 717767?
193
What is the greatest common divisor of 1200 and 2752?
16
What is the highest common divisor of 95 and 5565?
5
What is the highest common factor of 355660 and 10?
10
What is the greatest common factor of 76142 and 33?
11
Calculate the highest common factor of 143 and 5486.
13
What is the greatest common divisor of 48 and 19522032?
48
What is the highest common divisor of 95505 and 75?
15
Calculate the highest common factor of 536113 and 1306.
653
What is the highest common factor of 125973 and 72?
9
Calculate the greatest common divisor of 219907 and 551.
29
What is the greatest common factor of 50022 and 252?
126
Calculate the highest common divisor of 358144 and 512.
256
What is the highest common divisor of 5363007 and 663?
663
Calculate the highest common factor of 139070 and 30.
10
What is the greatest common factor of 155 and 369055?
155
Calculate the highest common divisor of 1653 and 3122517.
1653
What is the highest common divisor of 679983 and 255?
51
What is the greatest common factor of 47376 and 1746?
18
What is the greatest common divisor of 24 and 1870278?
6
Calculate the highest common factor of 1399616 and 76.
76
What is the greatest common factor of 171955 and 4760?
595
What is the greatest common factor of 2900 and 4756?
116
Calculate the highest common divisor of 106594 and 1784.
446
Calculate the greatest common factor of 57209 and 19.
19
What is the highest common divisor of 123 and 18?
3
Calculate the highest common factor of 2548 and 3785054.
1274
What is the greatest common divisor of 143782 and 105154?
2146
What is the highest common divisor of 50099 and 595?
119
What is the highest common